 (-69 - -35)).
-25
80 + -93 + (17 + -2 - 3) + 18
17
What is 8 - 5 - 20 - -13?
-4
What is (-14 - (-16 + 7)) + 8 + 4?
7
Calculate 0 + 54 + (-2527 - -2497).
24
Calculate (2 - 2 - (1 + -3)) + (-71 - -54).
-15
Evaluate 10 + 1 + (-16 - (4 - 13)).
4
Evaluate (-9 - -3) + 14 + -6 + 6.
8
What is the value of -12 + 7 + 7 + 17 + -8?
11
Calculate -11 - (-15 + 14) - ((1 - -3) + 25).
-39
Calculate 21 + (-1 - (40 + -20)).
0
Calculate 26 + (-18 - (-32 + 52)).
-12
6 - 2 - ((4 - 12) + 5)
7
Evaluate 3 + -10 - (-2 + 20 - 26).
1
-3 - -12 - 2 - (-10 - (12 + -35))
-6
Calculate (-1 - 33) + (-23 - -17 - -5) + 6.
-29
11 + 0 + -6 - (0 + 6)
-1
What is the value of 2 + -6 - (-695 - -710)?
-19
What is the value of -5 - (-1 + -4) - (11 - (-16 - -25))?
-2
What is (-2 - 21) + (-15 - (10 - 19))?
-29
What is 1 - (5 + -3 + -8) - 0?
7
What is the value of 18 - (15 + -19 + -4)?
26
What is 4 + ((-2 - 0) + -4 - (2 - 2))?
-2
Evaluate (-15 - (-5 - 17)) + -10 + (1 - 9).
-11
Calculate (-2 - 21) + -50 + 47.
-26
What is the value of -876 + 859 - (0 - 38)?
21
Evaluate -4 - 12 - -6 - (-4 - -6 - 30).
18
Evaluate -270 - -291 - (-1 - -41).
-19
What is the value of 39 - 40 - (-2 + -1) - 0 - -10?
12
Evaluate 15 - (5 + 7 + -19).
22
Evaluate -12 + (-12 - (13 + -19) - -6).
-12
Calculate 35 + -30 - (4 + (0 - (0 - -3))).
4
(-3 - -18) + (-12 - -23 - 19)
7
Evaluate (0 - 8) + (10 - (-20 - -38) - -9).
-7
Evaluate (-8 - (-13 + 26 - 25)) + (-6 - -2).
0
Evaluate -7 + 0 - (-2 + -3).
-2
Calculate -930 + 930 + (-1 - -19).
18
What is the value of -5 + -35 + (-25 - -70)?
5
Calculate 5 - (14 + 5 - (0 + 5 - 11)).
-20
-31 + 21 + (3 - 2) - -12
3
Evaluate 10 - (-13 + 22) - -12.
13
What is the value of 0 + 5 - ((-14 - 4) + 21 + -17)?
19
What is 0 - ((8 - 3) + (-10 - -4))?
1
(4 - (5 + 3 - 11)) + -7 + -9
-9
20 + 1 + -21 - 9
-9
Evaluate 12 + -3 - (-10 + 16 - -4).
-1
Calculate 1 + (1 - 13 - (-9 - 1)).
-1
Evaluate (0 - 2) + 8 - (2074 - 2086).
18
Evaluate 95 + -98 - (-2 - -28).
-29
What is the value of -3 + 6 + -13 + 4?
-6
Calculate 18 - 35 - (-48 + 42).
-11
What is the value of -8 + 27 + -10 - 8?
1
What is the value of -15 + -16 + 27 + 4 + -4?
-4
Calculate 11 - (-7 + 18 + 11 + 7).
-18
Calculate -6 + 9 + (8 - 11) + -15.
-15
(15 - 1) + (8 - (-4 + 3))
23
17 - (-15 - -8 - -12)
12
Evaluate 5 + (-35 - -6) + 46.
22
Calculate -420 + 388 - (-1 + -9).
-22
What is the value of -2 - (2 - 6 - -7 - 16)?
11
3 - (-1 + 2) - (-44 + 64 - 11)
-7
Calculate 0 - (7 - 5) - (-1 + -3 + 12).
-10
What is -7 - (12 + -24) - (-11 - -7)?
9
Calculate (-8 - -3) + 0 + -10.
-15
Calculate 6 + 10 - (2 - (1 + (7 - 8))).
14
What is (8 - 2) + (-8 - 0) + 0?
-2
Evaluate -13 + 14 + -3 + -25 + 26.
-1
What is the value of -5 + (5 - 0) + -9 + 0 + 13?
4
Evaluate (2 - (1 + -7)) + (-7 - (7 - 13)).
7
5 + -16 + -1 + 25
13
What is (-86 - -87 - (1 - -2)) + -2?
-4
What is 5 + 10 + -6 + 9?
18
Calculate -2 - -3 - (-15 - (-15 + 13)).
14
Calculate (4 - -8) + -34 + 16.
-6
What is the value of -6 + -3 + 1 + -3 + 6?
-5
What is 20 + -35 + 33 + -36?
-18
Calculate -3 - (-14 + 13 - 12).
10
Evaluate -6 - (10 + -2 + (-5 - 16)) - 32.
-25
Evaluate (8 - 6) + 2 + -1 + (-8 - -4).
-1
What is the value of -8 + (7 - -6) + (-13 - -3)?
-5
What is 13 - (0 + 7 + -43 + 16)?
33
Calculate 10 - (3 - (-6 + 6) - 5).
12
Evaluate -8 - -11 - (2 + 14).
-13
Calculate 5 + 17 - (1 + (0 - -3)) - 1.
17
What is the value of -4 + 36 - (-8 - -22)?
18
What is the value of 7 + 59 + -73 + 17 + 1?
11
What is (-57 + 16 - -11) + 22?
-8
(-91 - -115) + (-12 - 3)
9
What is the value of -1 + -3 - (-3 - (-6 - (-9 + 1)))?
1
(-5 - (-4 - 10)) + -4 + 2 + -3
4
Evaluate (-29 - (-4 - (-2 - -13))) + 6.
-8
What is the value of (1 - -1) + (-51 - (8 + -9 + -12))?
-36
Calculate 5 - (4 - 2 - (14 - 2)).
15
-29 - (5 + -3 - (-55 - -46))
-40
What is the value of -5 - (-16 + 6 - 5 - 0 - 1)?
11
What is the value of -69 + 84 + (0 - (-1 + 13))?
3
6 - (32 + -25 + 1 + 8 - 9)
-1
What is (-1 + 7 - (-3 - (-1 + -4))) + -4?
0
What is the value of -12 + 21 - -9 - (43 - 25)?
0
7 + (-14 - (-13 - -6))
0
Evaluate -23 + (-4 - (-23 + 6)).
-10
26 + (-51 - 10) - -22
-13
Calculate 1 + (1 + 2 - 5) - 5.
-6
8 + (-17 - -43) + -4
30
0 + -4 - -12 - 0
8
7 - ((-100 - -99) + (-4 - -2) + 6)
4
-5 + (-12 - -7) + 7
-3
What is -16 - ((-16 - -11) + -1)?
-10
-26 - (-12 - ((-36 - -11) + 14))
-25
Evaluate 21 + (7 - 10) + 3 + 1 + -3.
19
(7 + -2 - -1) + (-30 + 14 - -2)
-8
What is the value of 515 + -507 + -1 + -5?
2
1 + -6 - (-1308 + 1324)
-21
Evaluate -93 - -93 - (-3 + 7 - 0).
-4
-8 - -5 - (3 + -8 - -8 - -5)
-11
What is (-12 - (-2 - 13)) + (-3 + 0 - 2)?
-2
Calculate (2 + -46 - -12) + 1 + 9.
-22
What is -34 + (13 - 12) - (0 + -11)?
-22
Calculate 6 + (-7 - 4) - (6 - 23).
12
Evaluate -1 + (0 - 6) - (38 - 64).
19
0 + 1 + (1 - (1 - 5)) + -18
-12
What is the value of -15 + (7 - -1) + 8 + 20 + -31?
-10
(46 - 45) + 8 + -5
4
What is -14 + (19 - 7) - (13 + 14)?
-29
Calculate 1168 - 1179 - ((-2 - -1) + -1 + -5).
-4
What is 18 + (3 - 20) - 8?
-7
What is the value of -80 - -97 - (9 - -6)?
2
What is (33 - 32) + -1 + 1 + 3?
4
1 - 3 - (-269 - -276) - (-3 - 31)
25
Evaluate -21 + (-285 - -281) + (-1 - -8).
-18
Calculate (36 - 49) + (13 - 10).
-10
What is 6 - (-25 - -6) - (10 + -4) - 6?
13
What is the value of 13 + 2 + 6 - (64 + -56)?
13
What is the value of (10 - (16 + (7 - 9))) + 3 + 2?
1
Evaluate 0 + 1 - -3 - ((-27 - -42) + -23).
12
What is the value of -11 - (-12 + 3 + -11)?
9
What is the value of 30 - 14 - (1 + 0 - 1 - 0)?
16
Evaluate (-7 - 1) + -13 + 7 - -8.
-6
(-2 - 2) + (-10 - (-21 + -14))
21
(21 - (55 - 24)) + 38 - (0 + 11)
17
Evaluate -16 + 1 - (-40 + 26).
-1
Calculate 14 + (3 - 28) + (1 - 0) + 6.
-4
25 - ((9 + -11 - -4) + 5)
18
11 + (10 - (1 + 7) - (6 - 2))
9
What is the value of -1 + 9 + -7 - 7?
-6
-5 - (-14 + 17 + (8 - 12))
-4
Calculate -19 + 45 - ((-10 - -22) + (-4 - 4)).
22
Evaluate 43 + -1 + -27 - 41.
-26
What is 1 + 35 - (41 + -10 - 25)?
30
Evaluate 4 - (6 - 1) - (-10 - (-39 + 7)).
-23
-15 - (5 + 0 + -7 + -4)
-9
What is 0 - (-2 + 4) - (51 - (35 + 3))?
-15
Evaluate (-4 - -1) + -8 + 9 + 1 - -12.
11
(-37 - 1) + 38 + 4 + -8 + -22
-26
What is 9 + -2 + (0 - -7 - (17 - -17))?
-20
What is the value of 0 - (-6 + (6 - -13 - 13))?
0
What is (6 - (-1 + 0 + 3)) + -281 + 281?
4
5 - (6 + (-9 + -6 - (6 + -11)))
9
What is -4 + (10 + -16 - 19)?
-29
Calculate -100 + 101 - (3 + 6).
-8
What is (-1 - -5) + (-1 - 4) + (35 - 34)?
0
Calculate (-7 - (5 + -10)) + 0 + 3.
1
Evaluate -14 - (-6 - (14 - 1)) - -13.
18
What is -5 + 3 + (7 - -1) + 42 + -47?
1
Calculate (-391 - -393) + (-1 - 2).
-1
What is the value of ((35 - 3) + -36 - (2 - 0)) + -4?
-10
What is the value of (-26 - (-25 + 15)) + -5 + 19?
-2
Calculate (9 + -4 - -22) + -15.
12
Evaluate 23 + 0 + (-34 - -25) + 1.
15
What is the value of -12 - -10 - (-6 - 0) - -6?
10
What is the value of 101 + -127 + (5 - -37)?
16
Evaluate 13 + -10 + (10 - 2).
11
What is 1 + (14 + -31 - -9)?
-7
12 + 1 + (-19 - -1) - 24
-29
What is -12 - -20 - (-2 + (5 + 13 - 1))?
-7
11 + (10 - 12) + -5
4
Calculate -6 + (0 - (11 + -6)) + (2 - -6).
-3
What is the value of -25 + 24 + 3 + (0 - 0)?
2
What is (-41 - -38) + (-1 + 4 - 21)?
-21
Calculate -9 - (-10 - (5 + (17 - 11 - 3))).
9
What is the value of 1 - (2 - ((4 - 3) + 3 + 2))?
5
Evaluate (1 - -3 - 18) + -38 + 68.
16
0 + (-3 - -4) + 13
14
Evaluate 17 + -30 - (7 - ((2 - -4) + -6)).
-20
Evaluate (-7 - 14 - -10) + 27.
16
Calculate (12 - 14) + -4 - (-8 - (7 - -8)).
17
7 - (5 + -4 + (-2 - 1 - 2))
11
12 - (29 + -11) - (-17 + 0)
11
What is (-21 - (21 + -16)) + 42?
16
Calculate (-6 - -36 - 7) + -13.
10
4 + 1 + (-17 - -5)
-7
Evaluate (-6 - -4) + -2 + -3 + 15.
8
-112 + 107 + 5 + (-1 - -1)
0
What is 21 + -28 + -8 - (1 + -14)?
-2
Calculate 29 - (22 + (47 - 40)).
0
Evaluate -1 + (-4 - (-5 - -4)) + 3 - -1.
0
Evaluate -1 + -12 + -6 + 9 + 12.
2
Evaluate -5 + (-1 + -10 - (9 + -12)).
-13
Evaluate -29 - (28 - (27 - -6)).
-24
What is 0 - ((-7 - -9) + 4 - 0)?
-6
(28 - (9 - -11)) + -11
-3
What is (5 - (3 + -12 - -17) - -7) + -4?
0
Evaluate 12 - (-2 + 1 + 6 + -11 - -12).
6
(-2 + -3 - (-137 - -188)) + 20
-36
Evaluate 12 - -14 - 14 - 7.
5
Calculate 2 + 13 - (57 + 13 + -58).
3
-6 + (3 - 10) + 10 + (-9 - -5)
-7
What is 3 + (-8 - -6) + 2 + -3?
0
16 + -46 + 17 + 0 + -8 + -4
-25
(0 + 2 - -3) + (-12 - (-2 + -4))
-1
What is 2 + -17 - (6 - (-4 - -15))?
-10
Calculate (-5